 655855578?
5
What is the tens digit of 15588729?
2
What is the tens digit of 3459107559?
5
What is the millions digit of 175383962?
5
What is the thousands digit of 352046317?
6
What is the hundred thousands digit of 893164393?
1
What is the hundred thousands digit of 2856449655?
4
What is the tens digit of 4107939463?
6
What is the hundreds digit of 115676115?
1
What is the hundreds digit of 316297925?
9
What is the hundred millions digit of 315239499?
3
What is the thousands digit of 68273546?
3
What is the units digit of 255374496?
6
What is the thousands digit of 185880014?
0
What is the hundred millions digit of 744323400?
7
What is the ten millions digit of 836220454?
3
What is the units digit of 5196146799?
9
What is the hundreds digit of 76400276?
2
What is the millions digit of 3133657331?
3
What is the units digit of 255255880?
0
What is the tens digit of 165249867?
6
What is the tens digit of 435569117?
1
What is the hundred millions digit of 589077047?
5
What is the tens digit of 358993047?
4
What is the thousands digit of 127171694?
1
What is the hundred thousands digit of 1678740053?
7
What is the units digit of 1156618949?
9
What is the hundred millions digit of 892709573?
8
What is the thousands digit of 1772557020?
7
What is the units digit of 375690043?
3
What is the millions digit of 2319236554?
9
What is the millions digit of 1974044413?
4
What is the hundreds digit of 1519104?
1
What is the tens digit of 110071672?
7
What is the thousands digit of 89898200?
8
What is the thousands digit of 62790690?
0
What is the hundred millions digit of 256667566?
2
What is the hundred thousands digit of 73570877?
5
What is the hundreds digit of 213994137?
1
What is the ten thousands digit of 96952671?
5
What is the millions digit of 3186757142?
6
What is the ten thousands digit of 270713343?
1
What is the hundred thousands digit of 46254776?
2
What is the thousands digit of 3160005263?
5
What is the thousands digit of 783384204?
4
What is the millions digit of 4214567357?
4
What is the units digit of 25277097?
7
What is the hundred millions digit of 228352568?
2
What is the thousands digit of 48771829?
1
What is the thousands digit of 1496644673?
4
What is the hundreds digit of 2365619220?
2
What is the thousands digit of 4822822159?
2
What is the ten thousands digit of 2331099924?
9
What is the ten millions digit of 44790831?
4
What is the millions digit of 128930667?
8
What is the ten millions digit of 31755604?
3
What is the billions digit of 7199833055?
7
What is the thousands digit of 578701188?
1
What is the thousands digit of 5121869?
1
What is the tens digit of 4393271607?
0
What is the thousands digit of 14052336?
2
What is the millions digit of 309791495?
9
What is the hundred thousands digit of 1037364888?
3
What is the millions digit of 781094501?
1
What is the hundreds digit of 87250898?
8
What is the units digit of 1652204153?
3
What is the hundred thousands digit of 7091943?
0
What is the thousands digit of 3515269969?
9
What is the hundred thousands digit of 97899709?
8
What is the units digit of 2970747095?
5
What is the tens digit of 80071947?
4
What is the tens digit of 291586850?
5
What is the ten thousands digit of 781834008?
3
What is the hundred thousands digit of 1188366545?
3
What is the hundreds digit of 438165572?
5
What is the thousands digit of 1074683298?
3
What is the ten thousands digit of 7916706?
1
What is the tens digit of 211959397?
9
What is the thousands digit of 78970277?
0
What is the hundred millions digit of 120084797?
1
What is the units digit of 53466994?
4
What is the units digit of 1857390?
0
What is the thousands digit of 462815714?
5
What is the hundreds digit of 10321656?
6
What is the millions digit of 3141225966?
1
What is the ten millions digit of 12652414?
1
What is the units digit of 79046189?
9
What is the tens digit of 1832141191?
9
What is the hundred thousands digit of 109556202?
5
What is the ten millions digit of 25730929?
2
What is the millions digit of 1307627486?
7
What is the millions digit of 9386902493?
6
What is the billions digit of 1525329985?
1
What is the tens digit of 610008181?
8
What is the ten thousands digit of 239136725?
3
What is the ten thousands digit of 632260548?
6
What is the units digit of 38183059?
9
What is the ten thousands digit of 402857584?
5
What is the hundred thousands digit of 2450053558?
0
What is the ten millions digit of 272477119?
7
What is the hundred thousands digit of 568455780?
4
What is the hundreds digit of 114038500?
5
What is the billions digit of 6111639439?
6
What is the hundreds digit of 23636579?
5
What is the units digit of 210325685?
5
What is the millions digit of 6297418?
6
What is the ten thousands digit of 61255546?
5
What is the ten thousands digit of 1922523503?
2
What is the hundred millions digit of 572733541?
5
What is the tens digit of 2181655217?
1
What is the millions digit of 1685215681?
5
What is the tens digit of 517403254?
5
What is the units digit of 98682729?
9
What is the hundreds digit of 57217515?
5
What is the hundred millions digit of 5796314228?
7
What is the ten millions digit of 20449065?
2
What is the tens digit of 1865380235?
3
What is the millions digit of 22951373?
2
What is the hundreds digit of 101245674?
6
What is the hundred thousands digit of 3531596573?
5
What is the hundreds digit of 169351059?
0
What is the hundred millions digit of 729190306?
7
What is the tens digit of 2036028734?
3
What is the tens digit of 28692597?
9
What is the units digit of 6277958257?
7
What is the ten millions digit of 5572639779?
7
What is the ten thousands digit of 182162259?
6
What is the hundreds digit of 1626326635?
6
What is the hundreds digit of 2946724?
7
What is the thousands digit of 210737505?
7
What is the units digit of 307779346?
6
What is the ten thousands digit of 1397415914?
1
What is the hundreds digit of 149882032?
0
What is the tens digit of 604488321?
2
What is the hundred thousands digit of 112585433?
5
What is the thousands digit of 76215280?
5
What is the ten millions digit of 48672743?
4
What is the millions digit of 19590783?
9
What is the hundred millions digit of 109321658?
1
What is the millions digit of 38310542?
8
What is the hundreds digit of 959628133?
1
What is the hundreds digit of 47109289?
2
What is the hundred thousands digit of 117511240?
5
What is the ten thousands digit of 340568288?
6
What is the thousands digit of 91399864?
9
What is the thousands digit of 121856153?
6
What is the ten thousands digit of 1510880749?
8
What is the billions digit of 2155870565?
2
What is the hundred thousands digit of 4673261477?
2
What is the hundred thousands digit of 2298057697?
0
What is the hundreds digit of 2834022447?
4
What is the hundreds digit of 25150894?
8
What is the hundred thousands digit of 748014209?
0
What is the tens digit of 8822040?
4
What is the units digit of 6628379?
9
What is the hundred millions digit of 1986329345?
9
What is the ten millions digit of 229025413?
2
What is the units digit of 1583745834?
4
What is the ten millions digit of 71837498?
7
What is the millions digit of 795004241?
5
What is the ten millions digit of 251360037?
5
What is the tens digit of 604603596?
9
What is the units digit of 343048712?
2
What is the thousands digit of 245518559?
8
What is the ten millions digit of 402951632?
0
What is the thousands digit of 1055156602?
6
What is the ten thousands digit of 53608417?
0
What is the thousands digit of 246341807?
1
What is the hundreds digit of 3422006403?
4
What is the ten millions digit of 39449642?
3
What is the ten millions digit of 111366061?
1
What is the ten millions digit of 28641979?
2
What is the hundreds digit of 25922773?
7
What is the ten thousands digit of 3084671?
8
What is the units digit of 60412880?
0
What is the hundreds digit of 875791100?
1
What is the thousands digit of 930940643?
0
What is the ten millions digit of 56199003?
5
What is the ten thousands digit of 83300601?
0
What is the hundreds digit of 486565188?
1
What is the hundred thousands digit of 984127232?
1
What is the hundred millions digit of 544906304?
5
What is the ten millions digit of 39694950?
3
What is the thousands digit of 8122677?
2
What is the